vided by 531?
530
What is the remainder when 225859 is divided by 74456?
2491
What is the remainder when 115385 is divided by 2957?
62
Calculate the remainder when 68237654 is divided by 141.
140
Calculate the remainder when 2455077 is divided by 818335.
72
Calculate the remainder when 15097 is divided by 444.
1
Calculate the remainder when 145454 is divided by 5106.
2486
What is the remainder when 1258411 is divided by 1292?
3
Calculate the remainder when 48729 is divided by 460.
429
Calculate the remainder when 32297638 is divided by 2018602.
6
What is the remainder when 4671681 is divided by 208?
1
What is the remainder when 3138604 is divided by 217?
133
What is the remainder when 29863 is divided by 5578?
1973
Calculate the remainder when 531768 is divided by 125.
18
Calculate the remainder when 373295 is divided by 340.
315
Calculate the remainder when 18814515 is divided by 581.
573
What is the remainder when 4042813 is divided by 40836?
49
Calculate the remainder when 225830 is divided by 225812.
18
What is the remainder when 3007908 is divided by 9993?
15
Calculate the remainder when 59926 is divided by 29669.
588
Calculate the remainder when 585588 is divided by 117111.
33
Calculate the remainder when 112046 is divided by 37282.
200
What is the remainder when 1364857 is divided by 16444?
5
What is the remainder when 655199 is divided by 679?
643
What is the remainder when 134388528 is divided by 5599521?
24
What is the remainder when 549554 is divided by 225?
104
Calculate the remainder when 1884558 is divided by 2.
0
What is the remainder when 439702 is divided by 87931?
47
What is the remainder when 1089977 is divided by 962?
31
What is the remainder when 6386817 is divided by 126?
3
Calculate the remainder when 823844 is divided by 2267.
923
What is the remainder when 183512 is divided by 45756?
488
Calculate the remainder when 156286 is divided by 9182.
192
What is the remainder when 32587520 is divided by 6?
2
Calculate the remainder when 153937 is divided by 980.
77
Calculate the remainder when 10600026 is divided by 54.
42
Calculate the remainder when 7786326 is divided by 64886.
6
What is the remainder when 1214356 is divided by 2065?
136
Calculate the remainder when 37754291 is divided by 209746.
11
What is the remainder when 1789216 is divided by 730?
716
What is the remainder when 19814305 is divided by 3962861?
0
Calculate the remainder when 68004769 is divided by 10728.
10705
Calculate the remainder when 8990749 is divided by 13202.
187
Calculate the remainder when 496073 is divided by 11.
6
What is the remainder when 986877 is divided by 850?
27
Calculate the remainder when 145330 is divided by 18166.
2
Calculate the remainder when 4312554 is divided by 22461.
42
What is the remainder when 1894222 is divided by 315699?
28
What is the remainder when 135252 is divided by 135111?
141
Calculate the remainder when 9781712 is divided by 92.
88
What is the remainder when 288686127 is divided by 33?
15
Calculate the remainder when 2272050 is divided by 35499.
114
Calculate the remainder when 454260 is divided by 2755.
2440
Calculate the remainder when 60158404 is divided by 30079161.
82
What is the remainder when 41841388 is divided by 2615086?
12
Calculate the remainder when 1273624 is divided by 1420.
1304
What is the remainder when 1819766476 is divided by 19?
18
Calculate the remainder when 416979 is divided by 59566.
17
What is the remainder when 1352296 is divided by 296?
168
Calculate the remainder when 735684 is divided by 33440.
4
What is the remainder when 879992 is divided by 2953?
2951
What is the remainder when 1251574 is divided by 250309?
29
Calculate the remainder when 582653 is divided by 116503.
138
Calculate the remainder when 227573326 is divided by 26.
6
Calculate the remainder when 108698 is divided by 198.
194
Calculate the remainder when 56811210 is divided by 4389.
4383
Calculate the remainder when 39144253 is divided by 4504.
4493
Calculate the remainder when 8824716 is divided by 4412350.
16
Calculate the remainder when 2972353 is divided by 743061.
109
Calculate the remainder when 158926 is divided by 2131.
1232
What is the remainder when 1084373 is divided by 271070?
93
Calculate the remainder when 53630999 is divided by 10726198.
9
Calculate the remainder when 50328135 is divided by 1755.
0
What is the remainder when 417303 is divided by 2644?
2195
What is the remainder when 4542147 is divided by 643?
638
Calculate the remainder when 1605898 is divided by 60.
58
What is the remainder when 89570 is divided by 187?
184
What is the remainder when 45535 is divided by 1126?
495
What is the remainder when 60030 is divided by 11326?
3400
Calculate the remainder when 3198555 is divided by 7.
3
What is the remainder when 114513 is divided by 2544?
33
What is the remainder when 614189 is divided by 92?
89
What is the remainder when 24930144 is divided by 50?
44
Calculate the remainder when 1898783 is divided by 694.
693
Calculate the remainder when 15779959 is divided by 1289.
21
Calculate the remainder when 12499779 is divided by 33.
6
Calculate the remainder when 4098085 is divided by 110.
35
What is the remainder when 1390826390 is divided by 121?
118
Calculate the remainder when 1026254 is divided by 230.
224
Calculate the remainder when 498958 is divided by 249471.
16
Calculate the remainder when 1667224 is divided by 167.
63
What is the remainder when 15286715 is divided by 3391?
87
What is the remainder when 31430 is divided by 1680?
1190
Calculate the remainder when 145591469 is divided by 45.
44
Calculate the remainder when 888292 is divided by 30630.
22
What is the remainder when 235462 is divided by 117610?
242
What is the remainder when 1049164 is divided by 164?
56
What is the remainder when 5535925 is divided by 353?
179
Calculate the remainder when 2783767 is divided by 117.
103
What is the remainder when 3983527 is divided by 1991617?
293
Calculate the remainder when 147262 is divided by 7682.
1304
What is the remainder when 81863354 is divided by 1290?
1244
Calculate the remainder when 119016 is divided by 23667.
681
Calculate the remainder when 85972 is divided by 2316.
280
Calculate the remainder when 170367 is divided by 785.
22
What is the remainder when 2340637 is divided by 76?
65
Calculate the remainder when 14179476 is divided by 354.
6
What is the remainder when 189923 is divided by 1693?
307
Calculate the remainder when 2037991074 is divided by 4475.
4474
What is the remainder when 839649 is divided by 2094?
2049
What is the remainder when 292274044 is divided by 18?
16
What is the remainder when 405902 is divided by 237?
158
What is the remainder when 689016 is divided by 669?
615
Calculate the remainder when 32737044 is divided by 7656.
7644
What is the remainder when 352757 is divided by 43?
28
Calculate the remainder when 2125381 is divided by 4991.
4206
Calculate the remainder when 2571488 is divided by 102858.
38
What is the remainder when 14133877 is divided by 65?
17
Calculate the remainder when 11870602 is divided by 12945.
37
Calculate the remainder when 4117808 is divided by 1372601.
5
What is the remainder when 228851 is divided by 28485?
971
What is the remainder when 2087573 is divided by 83?
40
Calculate the remainder when 38379503 is divided by 117.
110
What is the remainder when 6051754 is divided by 1047?
94
Calculate the remainder when 13643849 is divided by 305.
284
What is the remainder when 79192366 is divided by 381?
373
What is the remainder when 214187 is divided by 238?
225
What is the remainder when 336361 is divided by 5050?
3061
Calculate the remainder when 377713 is divided by 948.
409
What is the remainder when 556418 is divided by 400?
18
Calculate the remainder when 109480 is divided by 378.
238
Calculate the remainder when 949122 is divided by 105458.
0
What is the remainder when 915503 is divided by 152447?
821
What is the remainder when 42537 is divided by 3631?
2596
Calculate the remainder when 17538773 is divided by 19.
6
Calculate the remainder when 2108730 is divided by 1391.
1365
Calculate the remainder when 20766 is divided by 276.
66
Calculate the remainder when 77071 is divided by 2025.
121
What is the remainder when 4011644 is divid